{"id":1129,"date":"2018-04-09T05:12:26","date_gmt":"2018-04-09T05:12:26","guid":{"rendered":"http:\/\/sw-themes.com\/porto_dummy\/product\/import-placeholder-for-837\/"},"modified":"2023-12-11T15:31:22","modified_gmt":"2023-12-11T12:31:22","slug":"classic-headset-white","status":"publish","type":"product","link":"https:\/\/shop.organiksolar.com\/?product=classic-headset-white","title":{"rendered":"100 WAT G\u00dcNE\u015e PANEL\u0130"},"content":{"rendered":"","protected":false},"excerpt":{"rendered":"<table border=\"0\" width=\"400\" cellspacing=\"0\" cellpadding=\"0\">\n<tbody>\n<tr>\n<td class=\"xl66\" width=\"204\" height=\"20\">\n<h5>\u00dcr\u00fcn Kodu<\/h5>\n<\/td>\n<td class=\"xl66\" width=\"14\">\n<h5>:<\/h5>\n<\/td>\n<td class=\"xl66\" width=\"182\">\n<h5>LXR-100M<\/h5>\n<\/td>\n<\/tr>\n<tr>\n<td class=\"xl66\" width=\"204\" height=\"20\">\n<h5>Marka<\/h5>\n<\/td>\n<td class=\"xl66\" width=\"14\">\n<h5>:<\/h5>\n<\/td>\n<td class=\"xl66\" width=\"182\">\n<h5>LEXRON<\/h5>\n<\/td>\n<\/tr>\n<tr>\n<td class=\"xl67\" width=\"204\" height=\"20\">\n<h5>Sertifikalar<\/h5>\n<\/td>\n<td class=\"xl67\" width=\"14\">\n<h5>:<\/h5>\n<\/td>\n<td class=\"xl67\" width=\"182\">\n<h5>CE, IEC<\/h5>\n<\/td>\n<\/tr>\n<tr>\n<td class=\"xl66\" width=\"204\" height=\"20\">\n<h5>Elektriksel \u00d6zellikler<\/h5>\n<\/td>\n<td class=\"xl66\" width=\"14\">\n<h5><\/h5>\n<\/td>\n<td class=\"xl66\" width=\"182\">\n<h5><\/h5>\n<\/td>\n<\/tr>\n<tr>\n<td class=\"xl67\" width=\"204\" height=\"20\">\n<h5>G\u00fc\u00e7<\/h5>\n<\/td>\n<td class=\"xl67\" width=\"14\">\n<h5>:<\/h5>\n<\/td>\n<td class=\"xl67\" width=\"182\">\n<h5>100W<\/h5>\n<\/td>\n<\/tr>\n<tr>\n<td class=\"xl67\" width=\"204\" height=\"20\">\n<h5>H\u00fccre Say\u0131s\u0131<\/h5>\n<\/td>\n<td class=\"xl67\" width=\"14\">\n<h5>:<\/h5>\n<\/td>\n<td class=\"xl67\" width=\"182\">\n<h5>32<\/h5>\n<\/td>\n<\/tr>\n<tr>\n<td class=\"xl67\" width=\"204\" height=\"20\">\n<h5>A\u00e7\u0131k Devre Voltaj\u0131 (Voc)<\/h5>\n<\/td>\n<td class=\"xl67\" width=\"14\">\n<h5>:<\/h5>\n<\/td>\n<td class=\"xl65\">\n<h5>23,04V<\/h5>\n<\/td>\n<\/tr>\n<tr>\n<td class=\"xl67\" width=\"204\" height=\"20\">\n<h5>Maks. Voltaj (Vmp)<\/h5>\n<\/td>\n<td class=\"xl67\" width=\"14\">\n<h5>:<\/h5>\n<\/td>\n<td class=\"xl65\">\n<h5>19,20V<\/h5>\n<\/td>\n<\/tr>\n<tr>\n<td class=\"xl67\" width=\"204\" height=\"20\">\n<h5>K\u0131sa Devre Ak\u0131m\u0131 (Isc)<\/h5>\n<\/td>\n<td class=\"xl67\" width=\"14\">\n<h5>:<\/h5>\n<\/td>\n<td class=\"xl65\">\n<h5>5,49A<\/h5>\n<\/td>\n<\/tr>\n<tr>\n<td class=\"xl67\" width=\"204\" height=\"20\">\n<h5>Maks. Ak\u0131m (Imp)<\/h5>\n<\/td>\n<td class=\"xl67\" width=\"14\">\n<h5>:<\/h5>\n<\/td>\n<td class=\"xl65\">\n<h5>5,21A<\/h5>\n<\/td>\n<\/tr>\n<tr>\n<td class=\"xl67\" width=\"204\" height=\"20\">\n<h5>Maks. Sistem Voltaj\u0131<\/h5>\n<\/td>\n<td class=\"xl67\" width=\"14\">\n<h5>:<\/h5>\n<\/td>\n<td class=\"xl65\">\n<h5>1000V<\/h5>\n<\/td>\n<\/tr>\n<tr>\n<td class=\"xl68\" height=\"20\">\n<h5>Mekanik \u00d6zellikler<\/h5>\n<\/td>\n<td class=\"xl68\">\n<h5><\/h5>\n<\/td>\n<td class=\"xl66\" width=\"182\">\n<h5><\/h5>\n<\/td>\n<\/tr>\n<tr>\n<td class=\"xl67\" width=\"204\" height=\"20\">\n<h5>Mod\u00fcl \u00d6l\u00e7\u00fcleri (mm)<\/h5>\n<\/td>\n<td class=\"xl67\" width=\"14\">\n<h5>:<\/h5>\n<\/td>\n<td class=\"xl69\">\n<h5>730*716*25<\/h5>\n<\/td>\n<\/tr>\n<tr>\n<td class=\"xl67\" width=\"204\" height=\"20\">\n<h5>A\u011f\u0131rl\u0131k<\/h5>\n<\/td>\n<td class=\"xl67\" width=\"14\">\n<h5>:<\/h5>\n<\/td>\n<td class=\"xl69\">\n<h5>6kg<\/h5>\n<\/td>\n<\/tr>\n<tr>\n<td class=\"xl70\" colspan=\"3\" height=\"20\">\n<h5>Standart Test Ko\u015fullar\u0131: Am=1.5 E=1000W\/m2 Tc=25\u2103<\/h5>\n<\/td>\n<\/tr>\n<\/tbody>\n<\/table>\n","protected":false},"featured_media":6120,"comment_status":"open","ping_status":"closed","template":"","meta":{"content-type":""},"product_cat":[102],"product_tag":[118,194,117],"class_list":{"0":"post-1129","1":"product","2":"type-product","3":"status-publish","4":"has-post-thumbnail","6":"product_cat-half-cut-gunes-panelleri","7":"product_tag-gunes-paneli","8":"product_tag-half-cut-panel","9":"product_tag-solar-panel","11":"first","12":"instock","13":"downloadable","14":"shipping-taxable","15":"purchasable","16":"product-type-simple"},"_links":{"self":[{"href":"https:\/\/shop.organiksolar.com\/index.php?rest_route=\/wp\/v2\/product\/1129","targetHints":{"allow":["GET"]}}],"collection":[{"href":"https:\/\/shop.organiksolar.com\/index.php?rest_route=\/wp\/v2\/product"}],"about":[{"href":"https:\/\/shop.organiksolar.com\/index.php?rest_route=\/wp\/v2\/types\/product"}],"replies":[{"embeddable":true,"href":"https:\/\/shop.organiksolar.com\/index.php?rest_route=%2Fwp%2Fv2%2Fcomments&post=1129"}],"wp:featuredmedia":[{"embeddable":true,"href":"https:\/\/shop.organiksolar.com\/index.php?rest_route=\/wp\/v2\/media\/6120"}],"wp:attachment":[{"href":"https:\/\/shop.organiksolar.com\/index.php?rest_route=%2Fwp%2Fv2%2Fmedia&parent=1129"}],"wp:term":[{"taxonomy":"product_cat","embeddable":true,"href":"https:\/\/shop.organiksolar.com\/index.php?rest_route=%2Fwp%2Fv2%2Fproduct_cat&post=1129"},{"taxonomy":"product_tag","embeddable":true,"href":"https:\/\/shop.organiksolar.com\/index.php?rest_route=%2Fwp%2Fv2%2Fproduct_tag&post=1129"}],"curies":[{"name":"wp","href":"https:\/\/api.w.org\/{rel}","templated":true}]}}