{"id":6196,"date":"2023-04-03T15:56:08","date_gmt":"2023-04-03T12:56:08","guid":{"rendered":"https:\/\/shop.organiksolar.com\/?post_type=product&#038;p=6196"},"modified":"2023-04-03T15:59:29","modified_gmt":"2023-04-03T12:59:29","slug":"mc4-konnektor-ciftleme-baglanti-seti-1-disi-1-erkek","status":"publish","type":"product","link":"https:\/\/shop.organiksolar.com\/?product=mc4-konnektor-ciftleme-baglanti-seti-1-disi-1-erkek","title":{"rendered":"Mc4 Konnekt\u00f6r \u00c7iftleme Ba\u011flant\u0131 Seti 1 Di\u015fi 1 Erkek"},"content":{"rendered":"","protected":false},"excerpt":{"rendered":"<div class=\"detail-name-container\">\n<h3 class=\"detail-name\">Mc4\u00a0Konnekt\u00f6r \u00c7iftleme Ba\u011flant\u0131 Seti 1 Di\u015fi 1 Erkek<\/h3>\n<div class=\"report-abuse-container\"><\/div>\n<\/div>\n<ul class=\"detail-desc-list\">\n<li>Mc4 konnekt\u00f6r g\u00fcne\u015f paneli \u00e7iftli ba\u011flant\u0131 seti G\u00fcne\u015f panellerinin kablo ba\u011flant\u0131lar\u0131 sistemin verimlili\u011fi a\u00e7\u0131s\u0131ndan olduk\u00e7a \u00f6nemlidir. Iki panelin kablolar\u0131n\u0131n birbirine ba\u011flant\u0131s\u0131n\u0131 sa\u011flar. Di\u015fi ve erkek olarak iki par\u00e7adan olu\u015fur. b\u00fct\u00fcn solar panellere uyumludur. konnekt\u00f6rlerimiz a kalitede olup mc4 standartlar\u0131na uygun olarak \u00fcretilmi\u015ftir. T\u00fcv rheinland ve ce sertifikas\u0131 ba\u015fta olmak \u00fczere bir\u00e7ok kalite standartlar\u0131na uygundur. Mc4 solar konnekt\u00f6r teknik \u00f6zellikler<\/li>\n<li>\u00c7al\u0131\u015fma gerilimi: 1000 vdc<\/li>\n<li>\u00c7al\u0131\u015fma ak\u0131m\u0131: 20a &#8211; 30a<\/li>\n<li>Kablo kesiti: 2.5 mm2 \u2013 6.0 mm2 -10 mm2<\/li>\n<li>Pin boyutu:\u00a0 4.0 mm<\/li>\n<li>Test gerilimi: T\u00fcv 6000v ac (1min) \/ ul 2200v dc (1min)<\/li>\n<li>Kirlilik s\u0131n\u0131f\u0131: 2<\/li>\n<li>Koruma s\u0131n\u0131f\u0131: Class \u0131\u0131<\/li>\n<li>Kontak maddesi: G\u00fcm\u00fc\u015f kaplamal\u0131 bak\u0131r<\/li>\n<li>Kontak direnci:\u00a0 5 m<\/li>\n<li>Konnekt\u00f6r d\u0131\u015f malzemesi: Ppo Koruma s\u0131n\u0131f\u0131: Ip68 (\u0131ec 60529)<\/li>\n<li>\u00c7ekilme kuvveti:\u00a0 50n<\/li>\n<li>Tak\u0131lma kuvveti:\u00a0 50n Is\u0131 aral\u0131\u011f\u0131: &#8211; 40\u00b0c \/ +85\u00b0c<\/li>\n<li>Alev s\u0131n\u0131f\u0131: Ul94v \u2013 0<\/li>\n<\/ul>\n","protected":false},"featured_media":6199,"comment_status":"open","ping_status":"closed","template":"","meta":{"content-type":""},"product_cat":[111],"product_tag":[],"class_list":{"0":"post-6196","1":"product","2":"type-product","3":"status-publish","4":"has-post-thumbnail","6":"product_cat-konnektorler","8":"first","9":"instock","10":"shipping-taxable","11":"purchasable","12":"product-type-simple"},"_links":{"self":[{"href":"https:\/\/shop.organiksolar.com\/index.php?rest_route=\/wp\/v2\/product\/6196","targetHints":{"allow":["GET"]}}],"collection":[{"href":"https:\/\/shop.organiksolar.com\/index.php?rest_route=\/wp\/v2\/product"}],"about":[{"href":"https:\/\/shop.organiksolar.com\/index.php?rest_route=\/wp\/v2\/types\/product"}],"replies":[{"embeddable":true,"href":"https:\/\/shop.organiksolar.com\/index.php?rest_route=%2Fwp%2Fv2%2Fcomments&post=6196"}],"wp:featuredmedia":[{"embeddable":true,"href":"https:\/\/shop.organiksolar.com\/index.php?rest_route=\/wp\/v2\/media\/6199"}],"wp:attachment":[{"href":"https:\/\/shop.organiksolar.com\/index.php?rest_route=%2Fwp%2Fv2%2Fmedia&parent=6196"}],"wp:term":[{"taxonomy":"product_cat","embeddable":true,"href":"https:\/\/shop.organiksolar.com\/index.php?rest_route=%2Fwp%2Fv2%2Fproduct_cat&post=6196"},{"taxonomy":"product_tag","embeddable":true,"href":"https:\/\/shop.organiksolar.com\/index.php?rest_route=%2Fwp%2Fv2%2Fproduct_tag&post=6196"}],"curies":[{"name":"wp","href":"https:\/\/api.w.org\/{rel}","templated":true}]}}